{"id":563,"date":"2023-02-04T13:25:08","date_gmt":"2023-02-04T13:25:08","guid":{"rendered":"https:\/\/webredox.net\/demo\/wp\/candore\/?page_id=563"},"modified":"2025-02-26T12:08:21","modified_gmt":"2025-02-26T11:08:21","slug":"blog-1","status":"publish","type":"page","link":"https:\/\/bistrot-amaia-restaurant-marrakech.com\/index.php\/blog-1\/","title":{"rendered":"Actualit\u00e9s"},"content":{"rendered":"\t\t<div data-elementor-type=\"wp-page\" data-elementor-id=\"563\" class=\"elementor elementor-563\">\n\t\t\t\t\t\t<section class=\"elementor-section elementor-top-section elementor-element elementor-element-90763f5 elementor-section-full_width elementor-section-height-default elementor-section-height-default\" data-id=\"90763f5\" data-element_type=\"section\">\n\t\t\t\t\t\t<div class=\"elementor-container elementor-column-gap-no\">\n\t\t\t\t\t<div class=\"elementor-column elementor-col-100 elementor-top-column elementor-element elementor-element-328e4482\" data-id=\"328e4482\" data-element_type=\"column\">\n\t\t\t<div class=\"elementor-widget-wrap elementor-element-populated\">\n\t\t\t\t\t\t<div class=\"elementor-element elementor-element-a612f2d elementor-widget elementor-widget-candore-banner-simple\" data-id=\"a612f2d\" data-element_type=\"widget\" data-widget_type=\"candore-banner-simple.default\">\n\t\t\t\t<div class=\"elementor-widget-container\">\n\t\t\t\t\t\t\t\n\t\t\n\t\t<div class=\"banner-header valign bg-img bg-img-d-s bg-fixed\" data-overlay-dark=\"6\" data-background=\"https:\/\/webredox.net\/demo\/wp\/candore\/wp-content\/uploads\/2023\/01\/banner2.jpg\">\n\t\t\t<div class=\"container\">\n\t\t\t\t<div class=\"row\">\n\t\t\t\t\t<div class=\"col-md-12 text-center caption mt-60\">\n\t\t\t\t\t\t\t\t\t\t\t\t\t<h5 class=\"cd-intro-title-h5\">Le Bistrot d&#039;Amaia - Notre Blog<\/h5 >\n\t\t\t\t\t\t\t\t\t\t\t\t<h1 class=\"cd-intro-title-h1\">\n\t\t\t\t\t\t\t\t\t\t\t\t\tTradition &amp; convivialit\u00e9\t\t\t\t\t\t\t\t\t\t\t\t\t\t\t\t\t\t\t<span>Explorez nos articles<\/span>\n\t\t\t\t\t\t\t\t\t\t\t\t<\/h1>\n\t\t\t\t\t\t\t\t\t\t\t<\/div>\n\t\t\t\t<\/div>\n\t\t\t<\/div>\n        <\/div>\t\t\n\n        \t\t\t\t<\/div>\n\t\t\t\t<\/div>\n\t\t\t\t\t<\/div>\n\t\t<\/div>\n\t\t\t\t\t<\/div>\n\t\t<\/section>\n\t\t\t\t<section class=\"elementor-section elementor-top-section elementor-element elementor-element-9df72f6 elementor-section-boxed elementor-section-height-default elementor-section-height-default\" data-id=\"9df72f6\" data-element_type=\"section\" data-settings=\"{&quot;background_background&quot;:&quot;classic&quot;}\">\n\t\t\t\t\t\t<div class=\"elementor-container elementor-column-gap-default\">\n\t\t\t\t\t<div class=\"elementor-column elementor-col-100 elementor-top-column elementor-element elementor-element-0f376d1\" data-id=\"0f376d1\" data-element_type=\"column\">\n\t\t\t<div class=\"elementor-widget-wrap elementor-element-populated\">\n\t\t\t\t\t\t<div class=\"elementor-element elementor-element-478928d elementor-widget elementor-widget-candore-blog-grid\" data-id=\"478928d\" data-element_type=\"widget\" data-widget_type=\"candore-blog-grid.default\">\n\t\t\t\t<div class=\"elementor-widget-container\">\n\t\t\t\t\t\t\t<div class=\"news\">\n\t\t\t<div class=\"row\">\n                \n                    \n\t\t\t\t\t\t                        <div class=\"mb-30 col-md-4\">\n                        <div class=\"item \">\n                            <div class=\"position-re o-hidden position-re-order\"> \n\t\t\t\t\t\t\t\t\t\t\t\t\t\t<div class=\"cd-pt-ab\">\n\t\t\t\t\t\t\t<img decoding=\"async\" src=\"https:\/\/bistrot-amaia-restaurant-marrakech.com\/wp-content\/uploads\/2025\/02\/3-1.png\" alt=\"Le Bistrot d&#8217;Amaia &#8211; Bar \u00e0 Vins &#8211; Pub &#8211; Draft beer\">\n\t\t\t\t\t\t\t<\/div>\n\t\t\t\t\t\t\t                                <div class=\"date\">\n                                    <a href=\"https:\/\/bistrot-amaia-restaurant-marrakech.com\/index.php\/2025\/02\/26\/bistrot-amaia-bar-vins-pub-biere-pression\/\"> <span>F\u00e9v<\/span> <i>26<\/i> <\/a>\n                                <\/div>\n                            <\/div>\n\t\t\t\t\t\t\t                            <div class=\"con\"> \n\t\t\t\t\t\t\t\t\t\t\t\t\t\t\t\t<span class=\"category\">\n\t\t\t\t\t\t\t\t                                    <a href=\"https:\/\/bistrot-amaia-restaurant-marrakech.com\/index.php\/category\/blog\/\">Blog  <\/a>\n\t\t\t\t\t\t\t\t                                <\/span>\n\t\t\t\t\t\t\t\t                                <h5><a href=\"https:\/\/bistrot-amaia-restaurant-marrakech.com\/index.php\/2025\/02\/26\/bistrot-amaia-bar-vins-pub-biere-pression\/\">Le Bistrot d&#8217;Amaia &#8211; Bar \u00e0 Vins &#8211; Pub &#8211; Draft beer<\/a><\/h5>\n                            <\/div>\n                        <\/div>\n                        <\/div>\n\t\t\t\t\t\t                        <div class=\"mb-30 col-md-4\">\n                        <div class=\"item \">\n                            <div class=\"position-re o-hidden position-re-order\"> \n\t\t\t\t\t\t\t\t\t\t\t\t\t\t<div class=\"cd-pt-ab\">\n\t\t\t\t\t\t\t<img decoding=\"async\" src=\"https:\/\/bistrot-amaia-restaurant-marrakech.com\/wp-content\/uploads\/2025\/02\/Slide-X1.png\" alt=\"LE BISTROT D\u2019AMAIA Le rendez-vous des copains\">\n\t\t\t\t\t\t\t<\/div>\n\t\t\t\t\t\t\t                                <div class=\"date\">\n                                    <a href=\"https:\/\/bistrot-amaia-restaurant-marrakech.com\/index.php\/2025\/02\/02\/bistrot-amaia-restaurant-convivial-entre-amis\/\"> <span>F\u00e9v<\/span> <i>02<\/i> <\/a>\n                                <\/div>\n                            <\/div>\n\t\t\t\t\t\t\t                            <div class=\"con\"> \n\t\t\t\t\t\t\t\t\t\t\t\t\t\t\t\t<span class=\"category\">\n\t\t\t\t\t\t\t\t                                    <a href=\"https:\/\/bistrot-amaia-restaurant-marrakech.com\/index.php\/category\/blog\/\">Blog  <\/a>\n\t\t\t\t\t\t\t\t                                <\/span>\n\t\t\t\t\t\t\t\t                                <h5><a href=\"https:\/\/bistrot-amaia-restaurant-marrakech.com\/index.php\/2025\/02\/02\/bistrot-amaia-restaurant-convivial-entre-amis\/\">LE BISTROT D\u2019AMAIA Le rendez-vous des copains<\/a><\/h5>\n                            <\/div>\n                        <\/div>\n                        <\/div>\n\t\t\t\t\t\t                        <div class=\"mb-30 col-md-4\">\n                        <div class=\"item \">\n                            <div class=\"position-re o-hidden position-re-order\"> \n\t\t\t\t\t\t\t\t\t\t\t\t\t\t<div class=\"cd-pt-ab\">\n\t\t\t\t\t\t\t<img decoding=\"async\" src=\"https:\/\/bistrot-amaia-restaurant-marrakech.com\/wp-content\/uploads\/2023\/02\/21-1.png\" alt=\"L&#8217;Art de Vivre \u00e0 la Fran\u00e7aise \u00e0 Marrakech\">\n\t\t\t\t\t\t\t<\/div>\n\t\t\t\t\t\t\t                                <div class=\"date\">\n                                    <a href=\"https:\/\/bistrot-amaia-restaurant-marrakech.com\/index.php\/2023\/02\/11\/art-de-vivre-francais-marrakech\/\"> <span>F\u00e9v<\/span> <i>11<\/i> <\/a>\n                                <\/div>\n                            <\/div>\n\t\t\t\t\t\t\t                            <div class=\"con\"> \n\t\t\t\t\t\t\t\t\t\t\t\t\t\t\t\t<span class=\"category\">\n\t\t\t\t\t\t\t\t                                    <a href=\"https:\/\/bistrot-amaia-restaurant-marrakech.com\/index.php\/category\/blog\/\">Blog  <\/a>\n\t\t\t\t\t\t\t\t                                <\/span>\n\t\t\t\t\t\t\t\t                                <h5><a href=\"https:\/\/bistrot-amaia-restaurant-marrakech.com\/index.php\/2023\/02\/11\/art-de-vivre-francais-marrakech\/\">L&#8217;Art de Vivre \u00e0 la Fran\u00e7aise \u00e0 Marrakech<\/a><\/h5>\n                            <\/div>\n                        <\/div>\n                        <\/div>\n\t\t\t\t\t\t            <\/div>\n\t\t<\/div>\n\t\t\n        \t\t\t\t<\/div>\n\t\t\t\t<\/div>\n\t\t\t\t\t<\/div>\n\t\t<\/div>\n\t\t\t\t\t<\/div>\n\t\t<\/section>\n\t\t\t\t<section class=\"elementor-section elementor-top-section elementor-element elementor-element-4997fb95 elementor-section-boxed elementor-section-height-default elementor-section-height-default\" data-id=\"4997fb95\" data-element_type=\"section\" data-settings=\"{&quot;background_background&quot;:&quot;classic&quot;}\">\n\t\t\t\t\t\t\t<div class=\"elementor-background-overlay\"><\/div>\n\t\t\t\t\t\t\t<div class=\"elementor-container elementor-column-gap-default\">\n\t\t\t\t\t<div class=\"elementor-column elementor-col-100 elementor-top-column elementor-element elementor-element-250f293d\" data-id=\"250f293d\" data-element_type=\"column\">\n\t\t\t<div class=\"elementor-widget-wrap elementor-element-populated\">\n\t\t\t\t\t\t<div class=\"elementor-section elementor-inner-section elementor-element elementor-element-290a46d5 elementor-section-full_width elementor-section-height-default elementor-section-height-default\" data-id=\"290a46d5\" data-element_type=\"section\">\n\t\t\t\t\t\t<div class=\"elementor-container elementor-column-gap-default\">\n\t\t\t\t\t<div class=\"elementor-column elementor-col-33 elementor-inner-column elementor-element elementor-element-6d1a67da\" data-id=\"6d1a67da\" data-element_type=\"column\">\n\t\t\t<div class=\"elementor-widget-wrap elementor-element-populated\">\n\t\t\t\t\t\t<div class=\"elementor-element elementor-element-249c8307 elementor-widget elementor-widget-candore-single-testimonial\" data-id=\"249c8307\" data-element_type=\"widget\" data-widget_type=\"candore-single-testimonial.default\">\n\t\t\t\t<div class=\"elementor-widget-container\">\n\t\t\t\t\t\t\t<div class=\"testimonials\">\n\t\t\t\t\t\t\t\t<p class=\"mb-0\"><i class=\"star-rating-el\"><\/i><i class=\"star-rating-el\"><\/i><i class=\"star-rating-el\"><\/i><i class=\"star-rating-el\"><\/i><i class=\"star-rating-el\"><\/i><\/p>\n\t\t\t            <h5>D\u00e9couvrez une exp\u00e9rience culinaire unique o\u00f9 chaque plat est une \u0153uvre d'art. Des recettes authentiques et modernes qui \u00e9veilleront vos papilles et raviront vos sens.<\/h5>\n\t\t\t\t<\/div>\t\t\n\t\t\t\t\t\t<\/div>\n\t\t\t\t<\/div>\n\t\t\t\t<div class=\"elementor-element elementor-element-1b03a36d elementor-widget elementor-widget-candore-contact\" data-id=\"1b03a36d\" data-element_type=\"widget\" data-widget_type=\"candore-contact.default\">\n\t\t\t\t<div class=\"elementor-widget-container\">\n\t\t\t\t\t        \t\t<div class=\"reservations cd-reservations\">\n\t\t            <div class=\"icon\">\n\t\t\t\t\t\t\t<i aria-hidden=\"true\" class=\"flaticon-tray-1\"><\/i> \n\t\t\t\t\t\t<\/div>\n\t\t            <div class=\"text\">\n\t\t\t\t                <p>Reservation<\/p>\n\t\t\t\t\t\t\t\t\t\t\n\t\t\t\t\t<a href=\"tel:+212 600-665616\">+212 600-665616<\/a>\n\t\t\t\t            <\/div>\n        <\/div>\n\t\t\t\t\n        \t\t\t\t<\/div>\n\t\t\t\t<\/div>\n\t\t\t\t\t<\/div>\n\t\t<\/div>\n\t\t\t\t<div class=\"elementor-column elementor-col-33 elementor-inner-column elementor-element elementor-element-1563abc1\" data-id=\"1563abc1\" data-element_type=\"column\">\n\t\t\t<div class=\"elementor-widget-wrap\">\n\t\t\t\t\t\t\t<\/div>\n\t\t<\/div>\n\t\t\t\t<div class=\"elementor-column elementor-col-33 elementor-inner-column elementor-element elementor-element-3f36006a\" data-id=\"3f36006a\" data-element_type=\"column\">\n\t\t\t<div class=\"elementor-widget-wrap elementor-element-populated\">\n\t\t\t\t\t\t<div class=\"elementor-element elementor-element-7f588238 elementor-widget elementor-widget-candore-form\" data-id=\"7f588238\" data-element_type=\"widget\" data-widget_type=\"candore-form.default\">\n\t\t\t\t<div class=\"elementor-widget-container\">\n\t\t\t\t\t\t\t<div class=\"booking-box\">\n\t\t\t\n\t\t\t\t\t\t\t\t\t<div class=\"head-box text-center\">\n\t\t\t\t\t\t<h4>Make A Reservation<\/h4>\n\t\t\t\t\t<\/div>\n\t\t\t\t\t\t\t\t<div class=\"booking-inner clearfix\">\n\t\t\t\t<div class=\"form1 clearfix contact__form vc_template\">\t\t\n\t\t\t\t\t\n<div class=\"wpcf7 no-js\" id=\"wpcf7-f1618-o1\" lang=\"fr-FR\" dir=\"ltr\" data-wpcf7-id=\"1618\">\n<div class=\"screen-reader-response\"><p role=\"status\" aria-live=\"polite\" aria-atomic=\"true\"><\/p> <ul><\/ul><\/div>\n<form action=\"\/index.php\/wp-json\/wp\/v2\/pages\/563#wpcf7-f1618-o1\" method=\"post\" class=\"wpcf7-form init\" aria-label=\"Formulaire de contact\" novalidate=\"novalidate\" data-status=\"init\">\n<fieldset class=\"hidden-fields-container\"><input type=\"hidden\" name=\"_wpcf7\" value=\"1618\" \/><input type=\"hidden\" name=\"_wpcf7_version\" value=\"6.1.3\" \/><input type=\"hidden\" name=\"_wpcf7_locale\" value=\"fr_FR\" \/><input type=\"hidden\" name=\"_wpcf7_unit_tag\" value=\"wpcf7-f1618-o1\" \/><input type=\"hidden\" name=\"_wpcf7_container_post\" value=\"0\" \/><input type=\"hidden\" name=\"_wpcf7_posted_data_hash\" value=\"\" \/>\n<\/fieldset>\n<div class=\"row\">\n\t<div class=\"col-md-6\">\n\t\t<p><span class=\"wpcf7-form-control-wrap\" data-name=\"your-name\"><input size=\"40\" maxlength=\"400\" class=\"wpcf7-form-control wpcf7-text wpcf7-validates-as-required\" autocomplete=\"name\" aria-required=\"true\" aria-invalid=\"false\" placeholder=\"Nom Complet\" value=\"\" type=\"text\" name=\"your-name\" \/><\/span>\n\t\t<\/p>\n\t<\/div>\n\t<div class=\"col-md-6\">\n\t\t<p><span class=\"wpcf7-form-control-wrap\" data-name=\"tel-787\"><input size=\"40\" maxlength=\"400\" class=\"wpcf7-form-control wpcf7-tel wpcf7-text wpcf7-validates-as-tel\" aria-invalid=\"false\" placeholder=\"Numero de telephone\" value=\"\" type=\"tel\" name=\"tel-787\" \/><\/span>\n\t\t<\/p>\n\t<\/div>\n\t<div class=\"col-md-6\">\n\t\t<p><span class=\"wpcf7-form-control-wrap\" data-name=\"your-email\"><input size=\"40\" maxlength=\"400\" class=\"wpcf7-form-control wpcf7-email wpcf7-validates-as-required wpcf7-text wpcf7-validates-as-email\" autocomplete=\"email\" aria-required=\"true\" aria-invalid=\"false\" placeholder=\"E-Mail\" value=\"\" type=\"email\" name=\"your-email\" \/><\/span>\n\t\t<\/p>\n\t<\/div>\n\t<div class=\"col-md-6\">\n\t\t<p><span class=\"wpcf7-form-control-wrap\" data-name=\"date-614\"><input class=\"wpcf7-form-control wpcf7-date wpcf7-validates-as-date Date\" aria-invalid=\"false\" value=\"\" type=\"date\" name=\"date-614\" \/><\/span>\n\t\t<\/p>\n\t<\/div>\n\t<div class=\"col-md-6\">\n\t\t<p><span class=\"wpcf7-form-control-wrap\" data-name=\"personnes\"><select class=\"wpcf7-form-control wpcf7-select Nombre de personnes\" aria-invalid=\"false\" name=\"personnes\"><option value=\"Personnes\">Personnes<\/option><option value=\"1\">1<\/option><option value=\"2\">2<\/option><option value=\"3\">3<\/option><option value=\"4\">4<\/option><option value=\"5\">5<\/option><option value=\"+5\">+5<\/option><\/select><\/span>\n\t\t<\/p>\n\t<\/div>\n\t<div class=\"col-md-6\">\n\t\t<p><span class=\"wpcf7-form-control-wrap\" data-name=\"select-TIME\"><select class=\"wpcf7-form-control wpcf7-select heure\" aria-invalid=\"false\" name=\"select-TIME\"><option value=\"Heure\">Heure<\/option><option value=\"11:00\">11:00<\/option><option value=\"11:30\">11:30<\/option><option value=\"12:00\">12:00<\/option><option value=\"12:30\">12:30<\/option><option value=\"13:00\">13:00<\/option><option value=\"13:30\">13:30<\/option><option value=\"14:00\">14:00<\/option><option value=\"14:30\">14:30<\/option><option value=\"15:00\">15:00<\/option><option value=\"15:30\">15:30<\/option><option value=\"16:00\">16:00<\/option><option value=\"16:30\">16:30<\/option><option value=\"17:00\">17:00<\/option><option value=\"17:30\">17:30<\/option><option value=\"18:00\">18:00<\/option><option value=\"18:30\">18:30<\/option><option value=\"19:00\">19:00<\/option><option value=\"19:30\">19:30<\/option><option value=\"20:00\">20:00<\/option><option value=\"20:30\">20:30<\/option><option value=\"21:00\">21:00<\/option><option value=\"21:30\">21:30<\/option><\/select><\/span>\n\t\t<\/p>\n\t<\/div>\n\t<p><div class=\"wpcf7-form-control has-spinner wpcf7-submit\"><button class=\"btn-form1-submit mt-15\">V\u00e9rifier la Disponibilit\u00e9<\/button><\/div>\n\t<\/p>\n<\/div><div class=\"wpcf7-response-output\" aria-hidden=\"true\"><\/div>\n<\/form>\n<\/div>\n\t\t\t\t<\/div>\t\n\t\t\t\t<\/div>\t\n\t\t\t\t\n\t\t<\/div>\t\n\t\t\n        \t\t\t\t<\/div>\n\t\t\t\t<\/div>\n\t\t\t\t\t<\/div>\n\t\t<\/div>\n\t\t\t\t\t<\/div>\n\t\t<\/div>\n\t\t\t\t\t<\/div>\n\t\t<\/div>\n\t\t\t\t\t<\/div>\n\t\t<\/section>\n\t\t\t\t<section class=\"elementor-section elementor-top-section elementor-element elementor-element-28cc8fe1 elementor-section-boxed elementor-section-height-default elementor-section-height-default\" data-id=\"28cc8fe1\" data-element_type=\"section\" data-settings=\"{&quot;background_background&quot;:&quot;classic&quot;}\">\n\t\t\t\t\t\t<div class=\"elementor-container elementor-column-gap-default\">\n\t\t\t\t\t<div class=\"elementor-column elementor-col-50 elementor-top-column elementor-element elementor-element-17bbbec0\" data-id=\"17bbbec0\" data-element_type=\"column\">\n\t\t\t<div class=\"elementor-widget-wrap elementor-element-populated\">\n\t\t\t\t\t\t<div class=\"elementor-element elementor-element-7adf3f2d elementor-widget elementor-widget-candore-clients\" data-id=\"7adf3f2d\" data-element_type=\"widget\" data-widget_type=\"candore-clients.default\">\n\t\t\t\t<div class=\"elementor-widget-container\">\n\t\t\t\t\t\n\t\t<div class=\"clients image-grayscale-on\">\n\t\t\t<div class=\"owl-carousel owl-theme\" data-carousel-autoplay=\"true\" data-carousel-speed=\"500\" data-carousel-timeout=\"2000\" data-carousel-columns=\"5\" data-carousel-gap=\"30\">\n\t\t\t\t\t\t\t\t<div class=\"clients-logo\">\n\t\t\t\t    \t\t\t\t\t<a href=\"#\" target=\"_self\">\n\t\t\t\t\t\t\t\t\t\t\t\n\t\t\t\t\t<img decoding=\"async\" src=\"https:\/\/webredox.net\/demo\/wp\/candore\/wp-content\/uploads\/2023\/01\/2.png\" alt=\"\">\t\t\t\t\n\t\t\t\t\t\t\t\t\t\t<\/a>\n\t\t\t\t\t\t\t\t\n\t\t\t\t<\/div>\t\n\t\t\t\t\t\t\t\t<div class=\"clients-logo\">\n\t\t\t\t    \t\t\t\t\t<a href=\"#\" target=\"_self\">\n\t\t\t\t\t\t\t\t\t\t\t\n\t\t\t\t\t<img decoding=\"async\" src=\"https:\/\/webredox.net\/demo\/wp\/candore\/wp-content\/uploads\/2023\/01\/3.png\" alt=\"\">\t\t\t\t\n\t\t\t\t\t\t\t\t\t\t<\/a>\n\t\t\t\t\t\t\t\t\n\t\t\t\t<\/div>\t\n\t\t\t\t\t\t\t\t<div class=\"clients-logo\">\n\t\t\t\t    \t\t\t\t\t<a href=\"#\" target=\"_self\">\n\t\t\t\t\t\t\t\t\t\t\t\n\t\t\t\t\t<img decoding=\"async\" src=\"https:\/\/webredox.net\/demo\/wp\/candore\/wp-content\/uploads\/2023\/01\/4.png\" alt=\"\">\t\t\t\t\n\t\t\t\t\t\t\t\t\t\t<\/a>\n\t\t\t\t\t\t\t\t\n\t\t\t\t<\/div>\t\n\t\t\t\t\t\t\t\t<div class=\"clients-logo\">\n\t\t\t\t    \t\t\t\t\t<a href=\"#\" target=\"_self\">\n\t\t\t\t\t\t\t\t\t\t\t\n\t\t\t\t\t<img decoding=\"async\" src=\"https:\/\/webredox.net\/demo\/wp\/candore\/wp-content\/uploads\/2023\/01\/5.png\" alt=\"\">\t\t\t\t\n\t\t\t\t\t\t\t\t\t\t<\/a>\n\t\t\t\t\t\t\t\t\n\t\t\t\t<\/div>\t\n\t\t\t\t\t\t\t\t<div class=\"clients-logo\">\n\t\t\t\t    \t\t\t\t\t<a href=\"#\" target=\"_self\">\n\t\t\t\t\t\t\t\t\t\t\t\n\t\t\t\t\t<img decoding=\"async\" src=\"https:\/\/webredox.net\/demo\/wp\/candore\/wp-content\/uploads\/2023\/01\/6.png\" alt=\"\">\t\t\t\t\n\t\t\t\t\t\t\t\t\t\t<\/a>\n\t\t\t\t\t\t\t\t\n\t\t\t\t<\/div>\t\n\t\t\t\t\t\t\t<\/div>\t\t\n\t\t<\/div>\t\t\n\n        \t\t\t\t<\/div>\n\t\t\t\t<\/div>\n\t\t\t\t\t<\/div>\n\t\t<\/div>\n\t\t\t\t<div class=\"elementor-column elementor-col-50 elementor-top-column elementor-element elementor-element-20c542e0\" data-id=\"20c542e0\" data-element_type=\"column\">\n\t\t\t<div class=\"elementor-widget-wrap\">\n\t\t\t\t\t\t\t<\/div>\n\t\t<\/div>\n\t\t\t\t\t<\/div>\n\t\t<\/section>\n\t\t\t\t<\/div>\n\t\t","protected":false},"excerpt":{"rendered":"<p>Le Bistrot d&#039;Amaia &#8211; Notre Blog Tradition &amp; convivialit\u00e9 Explorez nos articles F\u00e9v 26 Blog Le Bistrot d&#8217;Amaia &#8211; Bar \u00e0 Vins &#8211; Pub &#8211; Draft beer F\u00e9v 02 Blog&#8230;<\/p>\n","protected":false},"author":1,"featured_media":0,"parent":0,"menu_order":0,"comment_status":"closed","ping_status":"closed","template":"","meta":{"footnotes":""},"class_list":["post-563","page","type-page","status-publish","hentry"],"_links":{"self":[{"href":"https:\/\/bistrot-amaia-restaurant-marrakech.com\/index.php\/wp-json\/wp\/v2\/pages\/563","targetHints":{"allow":["GET"]}}],"collection":[{"href":"https:\/\/bistrot-amaia-restaurant-marrakech.com\/index.php\/wp-json\/wp\/v2\/pages"}],"about":[{"href":"https:\/\/bistrot-amaia-restaurant-marrakech.com\/index.php\/wp-json\/wp\/v2\/types\/page"}],"author":[{"embeddable":true,"href":"https:\/\/bistrot-amaia-restaurant-marrakech.com\/index.php\/wp-json\/wp\/v2\/users\/1"}],"replies":[{"embeddable":true,"href":"https:\/\/bistrot-amaia-restaurant-marrakech.com\/index.php\/wp-json\/wp\/v2\/comments?post=563"}],"version-history":[{"count":26,"href":"https:\/\/bistrot-amaia-restaurant-marrakech.com\/index.php\/wp-json\/wp\/v2\/pages\/563\/revisions"}],"predecessor-version":[{"id":1779,"href":"https:\/\/bistrot-amaia-restaurant-marrakech.com\/index.php\/wp-json\/wp\/v2\/pages\/563\/revisions\/1779"}],"wp:attachment":[{"href":"https:\/\/bistrot-amaia-restaurant-marrakech.com\/index.php\/wp-json\/wp\/v2\/media?parent=563"}],"curies":[{"name":"wp","href":"https:\/\/api.w.org\/{rel}","templated":true}]}}